 Let d = -25 - -44. Calculate the greatest common factor of d and k.
19
Suppose -92 + 84 = -o. Let k = o + -48. Let v be (24/5*1)/((-12)/k). Calculate the highest common divisor of 16 and v.
16
Suppose 102 + 362 = 4*l. Let r = l + -53. Suppose 8 = 4*q, 6*q - 3*q = -5*m + 141. Calculate the greatest common divisor of m and r.
9
Let u = -238 + 56. Let r be -8*4/(-48) - u/6. What is the greatest common divisor of r and 31?
31
Suppose 3*r - 8*r - 3*f + 2742 = 0, r - 2*f - 538 = 0. Let w(i) = 2*i**2 - 195*i - 770. Let g be w(-4). What is the greatest common factor of g and r?
42
Let v be (6436/(-48) + (-11)/(-132))*-37. Calculate the highest common divisor of v and 134.
134
Suppose 0 = 3*j + u - 50379, -4*u + 1813 = -2*j + 35399. What is the greatest common factor of 7 and j?
7
Let d(p) = 79*p**2 - 169*p + 12. Let w be d(3). Calculate the greatest common divisor of w and 999.
27
Let w(u) = 3*u + 38. Let b be w(7). Suppose -b = -3*p + 97. What is the highest common factor of 78 and p?
26
Let p(r) = 24*r - 1047. Let k be p(77). Calculate the greatest common factor of 243 and k.
9
Let v(p) = -424*p - 440. Let x be v(-2). Suppose 3*l - 91 = -19. Calculate the highest common divisor of l and x.
24
Let h(r) = -r**3 - 18*r**2 + 21*r - 75. Let i be h(-20). What is the highest common divisor of i and 70?
5
Let j(k) = -1342*k**3 - 3*k**2 + 12*k + 15. Let g be j(-1). Calculate the greatest common factor of g and 305.
61
Let u = -559 - -881. Suppose -u = c - 504. Calculate the greatest common divisor of c and 28.
14
Let i(q) = q**2 + 25*q - 314. Let d be i(-36). Calculate the highest common factor of d and 4.
2
Suppose 0 = 17*m - 1292 + 904 - 4168. Calculate the greatest common divisor of m and 7102.
134
Let m = -9714 + 11357. Calculate the greatest common divisor of 689 and m.
53
Let k = 3773 - 3637. What is the highest common factor of k and 5151?
17
Suppose 0 = 36*x + 5541 - 8853. Let t be (69/12)/((-1)/(-4)). What is the greatest common divisor of x and t?
23
Suppose -4*k = -2*c - 107 - 141, -4*c = k - 71. Suppose -3*h - 2*o = -214, 56 + 20 = h - 4*o. What is the greatest common divisor of h and k?
9
Suppose 17*d - 15*d + 12*d - 2142 = 0. Let k = -2 - -2. Suppose k = 7*g - 2*g - 85. Calculate the highest common factor of d and g.
17
Let c(q) = -19*q + 1. Let o be c(2). Let f = o + 81. Let y(r) = -3*r**3 - 24*r**2 + 13*r - 16. Let x be y(-9). What is the greatest common factor of x and f?
22
Suppose -5*a = 2*g - 26, -124*g + 130*g + a = 50. Let i = -92 - -180. Calculate the greatest common divisor of i and g.
8
Let u be (-2)/17 + 10/85. Suppose u = 4*j - 31 + 19. Suppose 0 + 3 = j*r. What is the highest common divisor of 13 and r?
1
Let g = 15686 + -15422. Let w be 74/3 - (-4)/(-6). What is the highest common divisor of w and g?
24
Suppose -3*q - 10 = 2*q, -3*o - 3*q + 24 = 0. Let k(v) = -19*v**3 - 265*v**2 - v - 20. Let f be k(-14). What is the highest common factor of f and o?
10
Let f = 3891 + -3857. Calculate the highest common divisor of 14 and f.
2
Let z = -40 + 38. Let l be (5 - 4) + (-8)/z. Suppose -5*r - x - 4*x + 25 = 0, -5*r + 15 = -l*x. Calculate the highest common divisor of r and 44.
4
Let h be (-51)/(-1 - (4 + -6)). Let c be (8/(-4))/1 - 0 - h. What is the highest common factor of 392 and c?
49
Suppose 4*i - 115 = -5*v, 5*v - i = 15 + 125. Calculate the highest common factor of v and 3537.
27
Let z(i) = -29*i - i**2 + 13 + 36*i + 5. Let k be z(9). Suppose -26*q + 29*q - 63 = k. What is the greatest common divisor of 105 and q?
21
Let b(q) = -189*q - 5822. Let t be b(-33). Calculate the highest common factor of 3403 and t.
83
Let m(y) = -69*y - 1433. Let x be m(-21). What is the highest common factor of 9008 and x?
16
Suppose 5*i - 2*i - 675 = 0. Let s be 0 - -1 - (0/(-3) + -9). Suppose -s*k - i = -15*k. What is the highest common divisor of k and 18?
9
Let n(g) = 2*g**2 + 16*g - 1324. Let v be n(-32). Calculate the highest common divisor of v and 18020.
212
Suppose -9*w + 48720 = 20*w. What is the greatest common divisor of 210 and w?
210
Suppose 3032*u = 3068*u - 1872. What is the greatest common factor of 24700 and u?
52
Let m(w) be the second derivative of w**4/2 - 5*w**3/6 - 5*w**2 + 10*w - 2. Let r be m(-5). Let l = 54 - 21. Calculate the greatest common factor of l and r.
33
Let u be 220/(-550) + 36/65 + (-115)/(-13). What is the highest common factor of 192 and u?
3
Let h be 27/1 - (4 - 24/6). Suppose -24 = -h*l + 23*l. What is the highest common divisor of 51 and l?
3
Let t(d) = -53*d + 96. Let p be t(0). Suppose -5*q = 3*b + 15 - 77, 4*b = 3*q + 102. Calculate the greatest common factor of p and b.
24
Let o = -60 + 68. Suppose 0 = -c - o*c - 18. Let w be c/(-6)*1 + 1976/12. Calculate the greatest common divisor of 66 and w.
33
Suppose -3*n - 4410 = -17*n. Let t = -250 + n. Calculate the greatest common divisor of t and 52.
13
Let l = -214 + 374. Let x(b) = 3*b - 4. Let p be x(12). What is the greatest common factor of p and l?
32
Let i(c) = c**3 + 10*c**2 - 10*c - 11. Let m be i(-11). Let y = 7 + m. Let s be y/5 - (-5 + 1). Calculate the highest common factor of 1 and s.
1
Suppose 0 = -55*v + 61*v + 2328. Let t = 418 + v. What is the highest common factor of 810 and t?
30
Suppose 0*i - i - 4*m = -720, 0 = i + 5*m - 725. What is the highest common factor of i and 1260?
140
Let w(k) = k**3 - 13*k**2 + 11*k + 15. Let c be w(12). Let l be (126/(-35))/(c/(150/(-4))). Calculate the greatest common factor of l and 63.
9
Suppose -r = r + 5*a + 210, 0 = -5*r + 3*a - 556. Suppose 4481 = -120*b - 3319. Let v = b - r. What is the greatest common factor of 5 and v?
5
Let s be -1*5*(-23 - -4). Let b = s - 63. Suppose 5*g = 9*g - b. Calculate the highest common divisor of 8 and g.
8
Let y be 1/(7/(-147)*-3). Suppose -12*f - y*f = -3420. Calculate the highest common factor of f and 24.
12
Let x(n) = n**2 + 2*n. Let m be x(-3). Suppose m*u + u - 56 = 0. Suppose -9*h = -u*h + 45. Calculate the highest common factor of 99 and h.
9
Let h be 7840/(-588)*(-156)/5. Suppose 5*k = -3*l + 73, -3*l = 3*k - 84 + 9. What is the highest common factor of h and l?
26
Let h(u) = 4*u**2 - 4*u + 8. Suppose 5 - 23 = 3*j. Let o be h(j). Suppose -12 - 20 = -2*q. Calculate the greatest common factor of q and o.
16
Let w(b) = 213*b - 8565. Let z be w(70). What is the greatest common divisor of z and 282?
141
Let o(t) = -t**3 + 11*t**2 - 8*t - 36. Let j be o(10). Let x be 2344/17 - j/136. Calculate the highest common factor of 6 and x.
6
Let z(w) = 184*w**2 - 37*w - 62. Let r be z(-2). What is the greatest common divisor of r and 176?
44
Suppose -2*w = -2*j + 194, 0 = 3*w - 6. Suppose 3*y + 4*t = 42, 1008 = y + 4*t + 1002. Calculate the greatest common factor of j and y.
9
Let d(v) = 12*v**2 - 3*v + 16. Let g be d(3). Let c = g + -113. Calculate the highest common factor of c and 14.
2
Let k be (-58)/(-10) + (-3)/(-15). Let j be 0 - (5 + (-8 - k)). What is the greatest common divisor of 30 and j?
3
Let c be 45*18/15*-5. Let u = c + 274. Calculate the highest common factor of 9 and u.
1
Suppose 4*h + s = -2*s + 620, 310 = 2*h + 3*s. Suppose -b - h = -4*v + 56, 5*v - 248 = -4*b. Calculate the greatest common factor of 130 and v.
26
Let v = -3 - 113. Let u = v + 138. What is the highest common divisor of u and 242?
22
Suppose 11*o - 7187 = -2567. What is the highest common divisor of o and 24?
12
Let r(v) be the third derivative of -2*v**4/3 - 46*v**3/3 + 10*v**2 - 2. Let s be r(-17). What is the greatest common divisor of 72 and s?
36
Suppose 4*j - 432 = 8*r - 4*r, -216 = -2*j - r. What is the highest common divisor of j and 10764?
36
Let d(n) = 4*n**2 + 97*n - 57. Let c = -308 - -283. Let r be d(c). Suppose -32 = 5*a - 167. Calculate the greatest common factor of r and a.
9
Let v = -96 + 177. Suppose 9*r = 12*r - v. Let t = r - -21. Calculate the greatest common divisor of 64 and t.
16
Let o = 85 + -53. Suppose 4*l + o - 48 = 0. Suppose -i + 2*i = -2*n, i + l = 0. Calculate the greatest common factor of n and 2.
2
Let l(h) = 7*h**2 + 359*h - 18. Let a be l(-52). Calculate the greatest common divisor of a and 473.
11
Let j be (210/4)/((-1)/(-2)). Let n(p) be the first derivative of p**2 + 8*p + 428. Let s be n(17). Calculate the highest common divisor of s and j.
21
Let 